*d**2 - 1543*d + 11661. Give y(-228).
-423
Let t(l) = -195*l + 1694. What is t(10)?
-256
Let f(q) = 31*q**2 - 521*q - 181. Calculate f(21).
2549
Let q(k) = 48364*k - 290184. Calculate q(6).
0
Let q(f) = 2*f**3 + 671*f**2 + 5570*f + 4315. What is q(-327)?
718
Let x(i) = -i**3 - 274*i**2 - 1629*i - 4628. Determine x(-268).
1000
Let v(s) = -s**3 - 87*s**2 + 270*s + 120. Calculate v(-90).
120
Let j(s) = -97*s**2 - 1370*s - 3. What is j(-14)?
165
Let y(d) = -23*d**2 - 15848*d + 495406. Give y(-719).
15
Let u(g) = 45*g**2 + 1282*g - 9344. Give u(6).
-32
Let m(a) = -492523*a - 4. Give m(0).
-4
Let q(x) = 6*x**3 + 44*x**2 + 46*x + 379. Calculate q(-11).
-2789
Let a(v) = v**2 + 5640*v + 384413. Give a(-69).
14
Let l(t) = -t**2 - 45*t + 353. Give l(-52).
-11
Let i(s) = -2*s**3 + 57*s**2 + 331*s + 542. Give i(34).
-920
Let g(y) = -y**3 - 86*y**2 - 1249*y - 75513. What is g(-82)?
9
Let p(x) = 2*x**2 + 285*x + 5026. What is p(-124)?
438
Let r(q) = q**2 + 198*q - 6612. Determine r(-224).
-788
Let b(q) = 79*q - 2997. Determine b(12).
-2049
Let n(g) = -47*g**2 + 3846*g + 979. Calculate n(82).
323
Let a(m) = 3312*m - 72846. Determine a(22).
18
Let d(x) = 1014*x - 46793. Determine d(45).
-1163
Let h(z) = 2*z**3 - 24*z**2 - 41*z + 128. Calculate h(13).
-67
Let k(x) = -6*x**2 + 33*x + 528. Give k(-8).
-120
Let s(g) = -926*g + 197428. What is s(213)?
190
Let c(t) = -18106*t - 144719. What is c(-8)?
129
Let g(p) = -18*p**2 + 4030*p + 8629. Determine g(226).
41
Let b(f) = -f**3 - 203*f**2 - 8638*f - 8291. Determine b(-143).
3
Let m(w) = -285*w + 56463. Give m(198).
33
Let k(i) = -79749*i + 31580607. Give k(396).
3
Let z(y) = -505532*y + 4044258. Give z(8).
2
Let y(x) = 13954*x + 237235. Calculate y(-17).
17
Let s(a) = -2*a**3 + 54*a**2 + 21*a + 941. Give s(28).
-39
Let k(w) = 3*w**3 - 144*w**2 - 908*w - 93. Determine k(-6).
-477
Let q(j) = -j**2 + 87*j + 63507. Calculate q(-213).
-393
Let m(p) = p**3 + p**2 + 4*p + 182. Determine m(0).
182
Let q(r) = -r**3 + 34*r**2 - 3536*r + 134871. Determine q(37).
-68
Let k(v) = -v**3 + 19*v**2 + 202*v - 22. Give k(27).
-400
Let j(w) = -w**3 - 12*w**2 + 4752*w + 70623. Determine j(-15).
18
Let r(g) = 153329*g + 306818. Calculate r(-2).
160
Let s(o) = 11*o**3 + 78*o**2 + 3*o + 15. Give s(-7).
43
Let k(t) = 3151*t + 60105. Determine k(-19).
236
Let o(w) = -w**3 - 19*w**2 + 13*w - 162. What is o(-20)?
-22
Let y(x) = 2*x**3 + 389*x**2 + 2277*x + 1918. Determine y(-5).
8
Let w(i) = 180*i + 337. What is w(-4)?
-383
Let a(b) = -8793*b - 52706. Calculate a(-6).
52
Let z(l) = -73554*l - 15593458. What is z(-212)?
-10
Let z(t) = -27*t**2 - 2730*t + 627. Determine z(-102).
-1821
Let j(b) = -b**3 + 2*b**2 + 6260*b - 18757. Give j(3).
14
Let c(i) = 32*i**2 - 739*i + 4418. Give c(10).
228
Let a(n) = -2*n**3 - n**2 + 4312*n + 21498. Calculate a(-5).
163
Let v(c) = 12*c**3 + 22*c**2 - 98*c + 14. What is v(5)?
1574
Let s(q) = 1503*q - 83150. Determine s(54).
-1988
Let k(m) = 2*m**2 + 1274*m + 8822. Calculate k(-630).
2
Let u(c) = -c**3 + 309*c**2 + 21*c - 6499. Determine u(309).
-10
Let r(m) = 7*m**2 + 2092*m - 549. Give r(-299).
-250
Let v(k) = -550*k - 2821. Calculate v(-6).
479
Let j(s) = -s**2 - 115*s + 3642. Give j(-140).
142
Let k(t) = 3*t**3 + 66*t**2 - 7*t + 77. Give k(-23).
-1349
Let o(t) = t**3 + 2*t**2 - 511180*t - 2044689. What is o(-4)?
-1
Let f(k) = 4065*k - 69109. Give f(17).
-4
Let k(f) = 446*f - 82906. Give k(186).
50
Let v(f) = -f**3 + 159*f**2 + 167*f - 1115. What is v(160)?
5
Let d(b) = b**3 - 17*b**2 - 2878*b - 453. Determine d(63).
807
Let l(f) = -2*f**3 - 206*f**2 - 413*f - 42514. Determine l(-103).
25
Let n(x) = -x**2 - 171311*x - 15923273. Determine n(-93).
1
Let t(p) = 35471*p + 212854. Give t(-6).
28
Let c(f) = 3*f**2 + 18595*f + 222664. Give c(-12).
-44
Let r(i) = 487*i**3 + 492*i**2 - 63*i - 65. Determine r(-1).
3
Let c(w) = -11*w**2 - 391*w + 46225. What is c(-85)?
-15
Let v(j) = 681*j + 61973. What is v(-91)?
2
Let p(o) = 3*o**2 + 1057*o + 9260. Give p(-9).
-10
Let z(w) = 4*w**3 - 162*w**2 + 200*w + 1325. Determine z(39).
-1
Let z(q) = q**3 + 130*q**2 + 249*q + 78. Calculate z(-128).
974
Let f(y) = -831*y - 1339. Determine f(-1).
-508
Let s(c) = -c**3 + 2*c**2 + 16*c - 828. Calculate s(-9).
-81
Let r(w) = -10*w**3 - 379*w**2 + 437*w + 420. Give r(-39).
108
Let i(u) = 4*u**2 - 38*u - 335. What is i(-35)?
5895
Let x(c) = 90*c**2 + 1231*c + 9. What is x(-13)?
-784
Let x(g) = 187*g**2 - 571*g + 2853. Calculate x(5).
4673
Let b(m) = 5*m**2 + 123*m + 9. Calculate b(-17).
-637
Let f(u) = 1192061*u - 5960310. Give f(5).
-5
Let m(u) = -u**2 - 56438*u - 620679. Determine m(-11).
18
Let g(h) = -3*h**3 + 333*h**2 - 4318*h - 22. Determine g(15).
8
Let o(a) = 3474*a + 274510. What is o(-79)?
64
Let m(y) = -2*y**3 - 223*y**2 - 663*y - 61278. What is m(-111)?
-6
Let t(d) = 204*d**2 + 79*d - 477. Calculate t(3).
1596
Let g(h) = -353*h + 50119. Calculate g(142).
-7
Let i(b) = 34705*b - 5171051. Calculate i(149).
-6
Let t(x) = 1511*x - 58939. Determine t(39).
-10
Let d(b) = 242518*b**3 + 485032*b**2 + 7*b + 10. Give d(-2).
-20
Let a(b) = -2*b**2 + 135669*b - 2305805. What is a(17)?
-10
Let k(d) = -2*d**2 - 11269*d + 33826. Calculate k(3).
1
Let t(d) = 16342*d - 48645. Calculate t(3).
381
Let w(l) = -7*l**2 + 4343*l - 522769. What is w(457)?
39
Let t(x) = -41*x + 41241. Give t(1006).
-5
Let s(q) = 19*q**2 - 1214*q + 743. Determine s(63).
-328
Let m(c) = 390*c - 15951. Calculate m(40).
-351
Let c(f) = -6104*f + 48819. Give c(8).
-13
Let u(c) = c**2 - 211*c + 9397. Determine u(104).
-1731
Let i(y) = y**3 + 12*y**2 - 175*y - 2132. Give i(-14).
-74
Let m(l) = 3845*l - 3641203. Determine m(947).
12
Let c(y) = -1641*y + 155896. Calculate c(95).
1
Let k(x) = 4483*x - 4349. Determine k(1).
134
Let f(g) = 37*g**3 + 1185*g**2 + 107*g + 2388. Calculate f(-32).
-12
Let d(x) = 114456*x - 1258996. Determine d(11).
20
Let i(m) = -5359*m + 26421. Give i(5).
-374
Let t(n) = 11*n**2 + 18347*n + 110128. Give t(-6).
442
Let p(s) = 137441*s - 2611374. Give p(19).
5
Let i(j) = -17*j**2 - 912*j + 2229. What is i(-56)?
-11
Let j(z) = 3956*z + 898002. Determine j(-227).
-10
Let r(m) = 2015644*m - 20156442. What is r(10)?
-2
Let z(a) = -a**3 - 223*a**2 - 878*a - 489. What is z(-219)?
-51
Let x(f) = f**2 + 15*f - 2582. What is x(-60)?
118
Let b(h) = -12*h**2 + 153*h + 56. Give b(12).
164
Let b(z) = -z**2 + 595*z - 21157. What is b(38)?
9
Let n(m) = -m**3 - 450*m**2 - 533*m - 38252. Give n(-449).
-536
Let r(y) = y**3 + 13*y**2 - 7435*y - 59800. Determine r(-8).
0
Let d(u) = -35*u**3 + 915*u**2 - 147*u + 451. Determine d(26).
9
Let k(h) = -1299*h + 6258. What is k(5)?
-237
Let p(v) = v**3 - 81*v**2 + 889*v - 228. What is p(68)?
112
Let h(a) = 1520920*a - 4562763. Give h(3).
-3
Let k(p) = 1728*p - 387. Give k(1).
1341
Let p(m) = -m**2 - 35303*m - 423486. Give p(-12).
6
Let x(y) = -90*y**2 - 29551*y - 10185. Calculate x(-328).
-17
Let i(b) = b**3 + 34*b**2 - 143*b - 3708. What is i(-36)?
-1152
Let j(p) = -469*p + 52655. Calculate j(115).
-1280
Let g(q) = 2088*q - 289. Give g(-2).
-4465
Let p(b) = 533*b + 374171. Give p(-702).
5
Let d(z) = 2*z**2 + 127*z + 1949. What is d(-44)?
233
Let c(w) = -7467*w - 298672. What is c(-40)?
8
Let y(q) = -q**3 + 2*q**2 + 299*q - 104. Give y(15).
1456
Let p(h) = 1845*h - 4219514. Determine p(2287).
1
Let r(y) = -80*y**2 + 167*y + 14. What is r(4)?
-598
Let c(b) = 16*b**2 + 2756*b - 5524. What is c(2)?
52
Let k(s) = 7*s**3 + 1735*s**2 - 244*s + 197. What is k(-248)?
-795
Let w(a) = 276*a - 8182. Calculate w(30).
98
Let c(f) = -2*f**3 - 29*f**2 - 196*f + 115. Determine c(-10).
1175
Let u(w) = -15037*w + 6556124. Determine u(436).
-8
Let x(q) = -2*q**3 + 12*q**2 + 804*q - 8040. Determine x(10).
-800
Let t(z) = 2*z**3 + 229*z**2 - 24817*z - 200. Determine t(68).
4
Let j(p) = -p**3 - 8*p**2 + 1311*p + 7905. Calculate j(-6).
-33
Let f(q) = 156*q - 10164. Give f(67).
288
Let k(m) = 27473*m - 329691. Calculate k(12).
-15
Let c(m) = -7*m**3 + 11*m**2 - 75*m - 205. What is c(-2)?
45
Let p(f) = 89025*f**2 + 445123*f - 4. Give p(-5).
6
Let w(v) = -47*v**2 + 102*v - 103. Give w(1).
-48
Let m(p) = -p**3 + 68*p**2 + 186*p + 740. Give m(71).
-1177
Let a(p) = 36*p**2 - 3539*p + 17726. Give a(5).
931
Let q(k) = 17322*k - 51643. Calculate q(3).
3